{"id":4619,"date":"2021-01-12T09:31:26","date_gmt":"2021-01-12T09:31:26","guid":{"rendered":"https:\/\/cliniclisting.com\/physiotherapy\/?page_id=4619"},"modified":"2022-06-07T09:37:49","modified_gmt":"2022-06-07T09:37:49","slug":"baden-wurttemberg","status":"publish","type":"page","link":"https:\/\/cliniclisting.com\/physiotherapy\/clinics\/germany\/baden-wurttemberg\/","title":{"rendered":"Baden W\u00fcrttemberg Physiotherapists"},"content":{"rendered":"\n<div class='white' style='background:#fafafa; border:solid 1px #f0f0f0; border-radius:5px; padding:8px 8px 8px 8px;'>\n<div id='sample_slider' class='owl-carousel sa_owl_theme owl-pagination-true autohide-arrows' data-slider-id='sample_slider' style='visibility:hidden;'>\n<div id='sample_slider_slide02' class='sa_hover_container' style='padding:5% 5%; margin:0px 0%; background-color:#d9ead3; '><div style=\"text-align: center;\"><span style=\"color: #000000;\">List your Physiotherapy clinic here, check<\/span> <a href=\"https:\/\/cliniclisting.com\/featured-listing\/\" target=\"_blank\" rel=\"noopener\"><span style=\"text-decoration: underline;\">featured listing<\/span><\/a><span style=\"color: #000000;\">.<\/span><\/div><\/div>\n<div id='sample_slider_slide04' class='sa_hover_container' style='padding:5% 5%; margin:0px 0%; background-color:#d0e0e3; '><div style=\"text-align: center;\"><span style=\"color: #000000;\">List your Physiotherapy clinic here, check<\/span> <a href=\"https:\/\/cliniclisting.com\/featured-listing\/\" target=\"_blank\" rel=\"noopener\"><span style=\"text-decoration: underline;\">featured listing<\/span><\/a><span style=\"color: #000000;\">.<\/span><\/div><\/div>\n<div id='sample_slider_slide01' class='sa_hover_container' style='padding:5% 5%; margin:0px 0%; background-color:rgb(255, 255, 255); '><div style=\"text-align: center;\"><a href=\"https:\/\/cliniclisting.com\/physiotherapy\/365-physiotherapy\" target=\"_blank\"><img decoding=\"async\" loading=\"lazy\" class=\"alignnone\" src=\"https:\/\/www.365physiotherapy.ie\/images\/Logo\/365Logo.png\" alt=\"Clinic Listing\" width=\"250\" height=\"250\" \/><\/a><\/div><\/div>\n<div id='sample_slider_slide03' class='sa_hover_container' style='padding:5% 5%; margin:0px 0%; background-color:#fce5cd; '><div style=\"text-align: center;\"><span style=\"color: #000000;\">List your Physiotherapy clinic here, check<\/span> <a href=\"https:\/\/cliniclisting.com\/featured-listing\/\" target=\"_blank\" rel=\"noopener\"><span style=\"text-decoration: underline;\">featured listing<\/span><\/a><span style=\"color: #000000;\">.<\/span><\/div><\/div>\n<div id='sample_slider_slide05' class='sa_hover_container' style='padding:5% 5%; margin:0px 0%; background-color:#fff2cc; '><div style=\"text-align: center;\"><span style=\"color: #000000;\">List your Physiotherapy clinic here, check<\/span> <a href=\"https:\/\/cliniclisting.com\/featured-listing\/\" target=\"_blank\" rel=\"noopener\"><span style=\"text-decoration: underline;\">featured listing<\/span><\/a><span style=\"color: #000000;\">.<\/span><\/div><\/div>\n<div id='sample_slider_slide06' class='sa_hover_container' style='padding:5% 5%; margin:0px 0%; background-color:#cfe2f3; '><div style=\"text-align: center;\"><span style=\"color: #000000;\">List your Physiotherapy clinic here, check<\/span> <a href=\"https:\/\/cliniclisting.com\/featured-listing\/\" target=\"_blank\" rel=\"noopener\"><span style=\"text-decoration: underline;\">featured listing<\/span><\/a><span style=\"color: #000000;\">.<\/span><\/div><\/div>\n<\/div>\n<\/div>\n<script type='text\/javascript'>\n\tjQuery(document).ready(function() {\n\t\tjQuery('#sample_slider').owlCarousel({\n\t\t\tresponsive:{\n\t\t\t\t0:{ items:1 },\n\t\t\t\t480:{ items:2 },\n\t\t\t\t768:{ items:3 },\n\t\t\t\t980:{ items:4 },\n\t\t\t\t1200:{ items:4 },\n\t\t\t\t1500:{ items:4 }\n\t\t\t},\n\t\t\tautoplay : true,\n\t\t\tautoplayTimeout : 4000,\n\t\t\tautoplayHoverPause : true,\n\t\t\tsmartSpeed : 300,\n\t\t\tfluidSpeed : 300,\n\t\t\tautoplaySpeed : 300,\n\t\t\tnavSpeed : 300,\n\t\t\tdotsSpeed : 300,\n\t\t\tloop : true,\n\t\t\tnav : true,\n\t\t\tnavText : ['Previous','Next'],\n\t\t\tdots : true,\n\t\t\tresponsiveRefreshRate : 200,\n\t\t\tslideBy : 1,\n\t\t\tmergeFit : true,\n\t\t\tautoHeight : false,\n\t\t\tmouseDrag : false,\n\t\t\ttouchDrag : true\n\t\t});\n\t\tjQuery('#sample_slider').css('visibility', 'visible');\n\t\tsa_resize_sample_slider();\n\t\twindow.addEventListener('resize', sa_resize_sample_slider);\n\t\tfunction sa_resize_sample_slider() {\n\t\t\tvar min_height = '25';\n\t\t\tvar win_width = jQuery(window).width();\n\t\t\tvar slider_width = jQuery('#sample_slider').width();\n\t\t\tif (win_width < 480) {\n\t\t\t\tvar slide_width = slider_width \/ 1;\n\t\t\t} else if (win_width < 768) {\n\t\t\t\tvar slide_width = slider_width \/ 2;\n\t\t\t} else if (win_width < 980) {\n\t\t\t\tvar slide_width = slider_width \/ 3;\n\t\t\t} else if (win_width < 1200) {\n\t\t\t\tvar slide_width = slider_width \/ 4;\n\t\t\t} else if (win_width < 1500) {\n\t\t\t\tvar slide_width = slider_width \/ 4;\n\t\t\t} else {\n\t\t\t\tvar slide_width = slider_width \/ 4;\n\t\t\t}\n\t\t\tslide_width = Math.round(slide_width);\n\t\t\tvar slide_height = '0';\n\t\t\tif (min_height == 'aspect43') {\n\t\t\t\tslide_height = (slide_width \/ 4) * 3;\t\t\t\tslide_height = Math.round(slide_height);\n\t\t\t} else if (min_height == 'aspect169') {\n\t\t\t\tslide_height = (slide_width \/ 16) * 9;\t\t\t\tslide_height = Math.round(slide_height);\n\t\t\t} else {\n\t\t\t\tslide_height = (slide_width \/ 100) * min_height;\t\t\t\tslide_height = Math.round(slide_height);\n\t\t\t}\n\t\t\tjQuery('#sample_slider .owl-item .sa_hover_container').css('min-height', slide_height+'px');\n\t\t}\n\t\tvar owl_goto = jQuery('#sample_slider');\n\t\tjQuery('.sample_slider_goto1').click(function(event){\n\t\t\towl_goto.trigger('to.owl.carousel', 0);\n\t\t});\n\t\tjQuery('.sample_slider_goto2').click(function(event){\n\t\t\towl_goto.trigger('to.owl.carousel', 1);\n\t\t});\n\t\tjQuery('.sample_slider_goto3').click(function(event){\n\t\t\towl_goto.trigger('to.owl.carousel', 2);\n\t\t});\n\t\tjQuery('.sample_slider_goto4').click(function(event){\n\t\t\towl_goto.trigger('to.owl.carousel', 3);\n\t\t});\n\t\tjQuery('.sample_slider_goto5').click(function(event){\n\t\t\towl_goto.trigger('to.owl.carousel', 4);\n\t\t});\n\t\tjQuery('.sample_slider_goto6').click(function(event){\n\t\t\towl_goto.trigger('to.owl.carousel', 5);\n\t\t});\n\t\tvar resize_5839 = jQuery('.owl-carousel');\n\t\tresize_5839.on('initialized.owl.carousel', function(e) {\n\t\t\tif (typeof(Event) === 'function') {\n\t\t\t\twindow.dispatchEvent(new Event('resize'));\n\t\t\t} else {\n\t\t\t\tvar evt = window.document.createEvent('UIEvents');\n\t\t\t\tevt.initUIEvent('resize', true, false, window, 0);\n\t\t\t\twindow.dispatchEvent(evt);\n\t\t\t}\n\t\t});\n\t});\n<\/script>\n\n\n\n\n<p>Check Physiotherapy Clinics in Baden W\u00fcrttemberg, check all <a rel=\"noreferrer noopener\" aria-label=\"Baden W\u00fcrttemberg Physiotherapy Clinics (opens in a new tab)\" href=\"https:\/\/cliniclisting.com\/physiotherapy\/clinic\/germany\/baden-wurttemberg\/\" target=\"_blank\">Baden W\u00fcrttemberg Physiotherapy Clinics<\/a>.<\/p><div class=\"3a7f3884512f3fdc725e77834f8e44b7\" data-index=\"1\" style=\"float: none; margin:10px 0 10px 0; text-align:center;\">\n<script async src=\"https:\/\/pagead2.googlesyndication.com\/pagead\/js\/adsbygoogle.js?client=ca-pub-2287035900458426\"\r\n     crossorigin=\"anonymous\"><\/script>\r\n<ins class=\"adsbygoogle\"\r\n     style=\"display:block; text-align:center;\"\r\n     data-ad-layout=\"in-article\"\r\n     data-ad-format=\"fluid\"\r\n     data-ad-client=\"ca-pub-2287035900458426\"\r\n     data-ad-slot=\"3032395781\"><\/ins>\r\n<script>\r\n     (adsbygoogle = window.adsbygoogle || []).push({});\r\n<\/script>\n<\/div>\n\n\n\n\n<ul><li><a href=\"https:\/\/cliniclisting.com\/physiotherapy\/physiolex\/\">Physiolex<\/a><\/li><li><a href=\"https:\/\/cliniclisting.com\/physiotherapy\/praxis-andrea-otte\/\">Praxis Andrea Otte<\/a><\/li><li><a href=\"https:\/\/cliniclisting.com\/physiotherapy\/centrum-fur-physiotherapie-steffen-baldi\/\">Centrum f\u00fcr Physiotherapie Steffen Baldi<\/a><\/li><li><a href=\"https:\/\/cliniclisting.com\/physiotherapy\/monika-humbsch\/\">Monika Humbsch<\/a><\/li><li><a href=\"https:\/\/cliniclisting.com\/physiotherapy\/opptho-med-praxis-fur-physiotherapie\/\">OppTho \u2013 Med Praxis f\u00fcr Physiotherapie<\/a><\/li><li><a href=\"https:\/\/cliniclisting.com\/physiotherapy\/pta-center\/\">PTA Center<\/a><\/li><li><a href=\"https:\/\/cliniclisting.com\/physiotherapy\/corpusmed-praxis-fur-physiotherapie\/\">corpusmed Praxis f\u00fcr Physiotherapie<\/a><\/li><li><a href=\"https:\/\/cliniclisting.com\/physiotherapy\/unicum-praxis-fur-physiotherapie-med-trainingstherapie\/\">UNICUM. Praxis f\u00fcr Physiotherapie &amp; Med. Trainingstherapie<\/a><\/li><\/ul>\n\n<div style=\"font-size: 0px; height: 0px; line-height: 0px; margin: 0; padding: 0; clear: both;\"><\/div>","protected":false},"excerpt":{"rendered":"<p>Check Physiotherapy Clinics in Baden W\u00fcrttemberg, check all Baden W\u00fcrttemberg Physiotherapy Clinics. Physiolex Praxis Andrea Otte Centrum f\u00fcr Physiotherapie Steffen Baldi Monika Humbsch OppTho \u2013 Med Praxis f\u00fcr Physiotherapie PTA Center corpusmed Praxis f\u00fcr Physiotherapie UNICUM. Praxis f\u00fcr Physiotherapie &amp; Med. Trainingstherapie<\/p>\n","protected":false},"author":2,"featured_media":0,"parent":4551,"menu_order":0,"comment_status":"closed","ping_status":"closed","template":"templates\/full-width-page.php","meta":{"_glsr_average":0,"_glsr_ranking":0,"_glsr_reviews":0},"aioseo_notices":[],"_links":{"self":[{"href":"https:\/\/cliniclisting.com\/physiotherapy\/wp-json\/wp\/v2\/pages\/4619"}],"collection":[{"href":"https:\/\/cliniclisting.com\/physiotherapy\/wp-json\/wp\/v2\/pages"}],"about":[{"href":"https:\/\/cliniclisting.com\/physiotherapy\/wp-json\/wp\/v2\/types\/page"}],"author":[{"embeddable":true,"href":"https:\/\/cliniclisting.com\/physiotherapy\/wp-json\/wp\/v2\/users\/2"}],"replies":[{"embeddable":true,"href":"https:\/\/cliniclisting.com\/physiotherapy\/wp-json\/wp\/v2\/comments?post=4619"}],"version-history":[{"count":2,"href":"https:\/\/cliniclisting.com\/physiotherapy\/wp-json\/wp\/v2\/pages\/4619\/revisions"}],"predecessor-version":[{"id":5995,"href":"https:\/\/cliniclisting.com\/physiotherapy\/wp-json\/wp\/v2\/pages\/4619\/revisions\/5995"}],"up":[{"embeddable":true,"href":"https:\/\/cliniclisting.com\/physiotherapy\/wp-json\/wp\/v2\/pages\/4551"}],"wp:attachment":[{"href":"https:\/\/cliniclisting.com\/physiotherapy\/wp-json\/wp\/v2\/media?parent=4619"}],"curies":[{"name":"wp","href":"https:\/\/api.w.org\/{rel}","templated":true}]}}